ommon divisor of 400 and l?
25
Let j(r) = r**2 - 6*r - 7. Suppose 54 = 5*q - 2*d - 15, -60 = -4*q + 4*d. Let a be j(q). Calculate the greatest common divisor of a and 36.
12
Suppose 141*o = -117*o + 208206. Calculate the greatest common factor of 5111 and o.
269
Let h be ((-27)/3 - -3)*6/4. Let u be 30 + 2 + h/(-9). What is the highest common factor of u and 297?
33
Let p(l) = 24*l + 32. Suppose 19 + 46 = 13*h. Let y be p(h). Calculate the greatest common divisor of y and 19.
19
Let w be (0/(-4) - 1448/12)/((-6)/18). Calculate the greatest common factor of 905 and w.
181
Suppose -52 = -10*f + 6*f. Suppose 16*o - f*o - 39 = 0. Let w be -2 + o - (6 - 2). Calculate the highest common divisor of w and 35.
7
Let v be 5 + 35 + 20/(-2) + -2. Calculate the greatest common divisor of 9674 and v.
14
Let i = -41 - -37. Let h be -22*((-48)/36)/(i/(-6)). Calculate the highest common divisor of 4 and h.
4
Let c = 3338 + -1705. What is the greatest common divisor of 115 and c?
23
Suppose -1368 = -6*q - 18. Let m = q - 114. What is the highest common divisor of 3 and m?
3
Let i = -7257 - -7297. What is the highest common factor of 6640 and i?
40
Let m be 26 - ((-4)/6 - (-280)/60). Calculate the highest common factor of m and 627.
11
Let y = -297 - -441. Suppose 7*c + c = y. Calculate the highest common divisor of c and 243.
9
Let a be 0*(-2)/(-18)*-3. Suppose a = 10*b - 85 - 145. Calculate the greatest common divisor of b and 368.
23
Suppose -n = 3*s - 8137 - 44, -3*n = -2*s - 24510. What is the greatest common factor of 72 and n?
36
Suppose -58*b + 51536 + 715 - 4749 = 0. What is the greatest common factor of 504 and b?
63
Let s(f) = -f**3 - 18*f**2 - 8*f + 302. Let z be s(0). What is the greatest common divisor of z and 6493?
151
Suppose 0 = 95*u - 99*u + 100. Let m be (-402)/(-5) + ((-60)/u)/6. What is the highest common factor of 120 and m?
40
Let c(i) = 11*i - 50. Suppose 5*k + 25 = 0, -3*k - k - 14 = h. Let q be c(h). What is the greatest common divisor of q and 12?
4
Suppose 142990*a + 10406 = 143033*a. What is the highest common factor of a and 682?
22
Let j be -8 - (-352)/40 - (-4)/20. What is the greatest common divisor of j and 43?
1
Let r be (-136)/(-6) + 13/39. Calculate the greatest common divisor of r and 1817.
23
Suppose -t - t + 3*q + 28 = 0, 2*q = -4*t + 24. Suppose 2*u - 11 + 3 = 0, 2*d - 4*u - 96 = 0. Calculate the greatest common factor of d and t.
8
Suppose 17*m = 2138 + 1942. Let p be -30*(18/12)/(-3). Calculate the highest common factor of p and m.
15
Suppose -6*k = -685 - 1079. Calculate the greatest common factor of k and 2205.
147
Suppose -2 = -5*v - 4*r, 0 = r + r + 4. Suppose -v*o - 18 + 34 = 0. Calculate the greatest common divisor of o and 2.
2
Let x(d) = d**2 - 20*d + 41. Let u be x(18). Suppose 3*y = 4*o + 900, 2*y - u*o - 192 = 401. What is the highest common factor of y and 38?
38
Let o(p) = 98*p - 32 - 22 + 60. Let q be o(2). What is the highest common divisor of 101 and q?
101
Let r = 4133 + -3809. What is the greatest common factor of 20 and r?
4
Suppose 0 = 3078*p - 3030*p - 19488. What is the greatest common divisor of p and 29841?
203
Suppose 587*a - 480 = 579*a. What is the greatest common divisor of a and 405?
15
Let i be 15 - 5*1/10*8. Suppose -93*r = -85*r - 264. What is the greatest common divisor of i and r?
11
Suppose -597286 + 763438 = 27*p - 1024629. Calculate the greatest common divisor of p and 183.
183
Let q(j) = -j**3 - j**2 - 2*j - 3. Let n be q(-3). Let w = 51 - 153. Let i = w - -123. What is the greatest common divisor of n and i?
21
Suppose 2*p = 139 - 27. Suppose 4*g - 608 = 340*o - 341*o, -4*o = -2*g + 304. What is the greatest common divisor of g and p?
8
Suppose -5*g - 123 = -4*c, -2*c = -2*g + 17 - 79. Calculate the highest common factor of c and 9376.
32
Let j(o) = 481*o - 239*o - 241*o + 17. Let u be j(-15). Let t = 17 - 9. Calculate the greatest common factor of u and t.
2
Let i = -10383 - -10556. What is the greatest common factor of 7439 and i?
173
Suppose -5*q + 270 = -5*u, 2*q - 12 + 8 = 0. Let a be 546/u*-1*2. Calculate the highest common factor of a and 861.
21
Let t = 375 + -375. Suppose t = 4*o - 4*z - 116, 0 = 5*o + 9*z - 8*z - 115. What is the greatest common factor of 888 and o?
24
Suppose -2*u - 5*o + 26585 = 0, 45*u - 26615 = 43*u + 5*o. What is the highest common divisor of 95 and u?
95
Let f = 4068 + -1078. Calculate the greatest common divisor of f and 650.
130
Let m(x) = x**3 + 26*x**2 - 30*x - 67. Let h be m(-27). Suppose 2*r + 2*o - h = -0*o, 5*o = -r + 3. Calculate the greatest common factor of r and 8.
8
Let b(l) = 6*l**2 - 15*l - 19. Let c be b(10). Suppose -c = -6*d - 335. Calculate the highest common factor of 368 and d.
16
Suppose -228*b + 12584 = -176*b. What is the highest common factor of 3058 and b?
22
Let f = -1161 - -951. Let r(k) = -60*k - 5. Let z be r(-6). Let j = z + f. What is the highest common factor of 58 and j?
29
Let y = -54 + 126. Let g = -296 + 308. Let n = 4 + g. What is the highest common factor of n and y?
8
Suppose 0*w + 2*w - 16 = 0. Let b = -92 + 167. Suppose -5*v - b + 275 = 0. What is the highest common divisor of w and v?
8
Let y be 4386/129*(0 - -1). What is the highest common factor of y and 62?
2
Let s(l) = 3*l - 26. Let g be s(8). Let y be (1 - 0)/(g/(-384)*12). Calculate the greatest common divisor of 2 and y.
2
Suppose 3*m = m - 0*m. Suppose m = 16*s - 19*s + 108. Calculate the highest common divisor of s and 792.
36
Suppose -13*u + 4*u + 134 = -181. Calculate the highest common factor of 1085 and u.
35
Suppose 28841 - 4457 = 15*d - 21006. Calculate the highest common factor of 890 and d.
178
Let o = 10206 + -10138. What is the greatest common factor of o and 17?
17
Let n(v) = 49*v + 90. Let c(p) = -148*p - 271. Let r(j) = 2*c(j) + 7*n(j). Let x be r(5). What is the highest common divisor of 17 and x?
17
Let c be 142/781 + 8358/11. What is the highest common divisor of c and 665?
95
Suppose 5*n + 10 = -2*o, 0 = 4*o + 3*n - 7 - 1. Suppose 0 = -o*x + 1726 + 744. What is the highest common factor of 38 and x?
38
Let k be 4*(-21)/(-28) - (1 + -7). Let u be -1*(-6 - -4)*12. Suppose -u = -22*q + 18*q. Calculate the greatest common factor of k and q.
3
Suppose 107*t = 127*t - 3640. What is the highest common factor of 1274 and t?
182
Suppose 0*d - d + 20 = 0. Suppose 0 = -7*x - 1659 + 15624. Let b = x + -1735. What is the highest common factor of b and d?
20
Let k be (1581/15 + 2)/(1/(-5)). Let o = 705 + k. What is the highest common divisor of 72 and o?
24
Let j = -205 - -803. What is the greatest common factor of j and 46?
46
Suppose -n + 1022 = 5*y, 5*y + 12 = y. Let l = n - 573. Calculate the highest common divisor of l and 16.
16
Let l(j) = 134104*j**2 - 134105*j**2 - 13*j + 34 + 0*j**3 + 80*j**3. Let o be l(2). Calculate the greatest common divisor of o and 28.
28
Let y be 5/((-2)/20*2*-5). Suppose 0*b + 2*b - 26 = -5*j, -y*j + 20 = 5*b. Calculate the highest common factor of 30 and j.
6
Suppose 0 = -3*i - 12 - 42. Let q = i - -25. Let y be 39/2 - 9/(-6). What is the greatest common divisor of q and y?
7
Suppose -2*f + 36 = -5*c, -3*c = -5*f + 52 + 76. Suppose 4*w - 3*w - 8 = 0. Let t = w - 1. Calculate the greatest common factor of f and t.
7
Suppose 4*w = -34 + 122. Let l = -30 + -55. Let j = 283 + l. Calculate the greatest common divisor of j and w.
22
Let r be (-65)/((-143)/(-11)) + 2686. What is the highest common divisor of r and 7?
7
Let d be ((-1)/2)/(((-52)/(-112))/(-13)). Let w = 12185 - 12175. What is the greatest common factor of d and w?
2
Let m = 2112 - 942. Suppose -3*a = 3*a - m. Calculate the greatest common divisor of a and 15.
15
Let r(b) = 59*b - 878. Let c be r(15). Suppose 107 = -2*w + 5*n - 198, w = -5*n - 145. Let g = w - -339. Calculate the highest common factor of g and c.
7
Let a = -830 + 863. Suppose -a*l + 3*p = -29*l - 132, 4*p - 196 = -5*l. Let m be (27/(-3))/((-1)/5). What is the greatest common factor of l and m?
9
Suppose o = 6*o - 400. Suppose 10*f = -11*f + 3948. Let m = -178 + f. What is the greatest common factor of m and o?
10
Suppose -11*t + 0*t + 15400 = 0. Let u = t + -994. What is the highest common factor of u and 14?
14
Let z(s) = -12*s - 8. Let h be z(-8). Suppose 0 = 3*d - 5*d - 2*p + 80